 320?
0
What is the hundreds digit of 4275?
2
What is the tens digit of 7071?
7
What is the units digit of 40262?
2
What is the tens digit of 6286?
8
What is the units digit of 37?
7
What is the hundreds digit of 6806?
8
What is the units digit of 9975?
5
What is the tens digit of 18937?
3
What is the tens digit of 11632?
3
What is the hundreds digit of 10778?
7
What is the hundreds digit of 5664?
6
What is the tens digit of 645?
4
What is the tens digit of 19072?
7
What is the tens digit of 10282?
8
What is the tens digit of 2864?
6
What is the units digit of 8115?
5
What is the hundreds digit of 828?
8
What is the tens digit of 13973?
7
What is the thousands digit of 1224?
1
What is the ten thousands digit of 10501?
1
What is the tens digit of 53791?
9
What is the units digit of 724?
4
What is the thousands digit of 24512?
4
What is the units digit of 18475?
5
What is the ten thousands digit of 71230?
7
What is the units digit of 6682?
2
What is the hundreds digit of 1067?
0
What is the hundreds digit of 148540?
5
What is the hundreds digit of 6082?
0
What is the hundreds digit of 268?
2
What is the tens digit of 175512?
1
What is the ten thousands digit of 14319?
1
What is the tens digit of 185?
8
What is the units digit of 2319?
9
What is the hundreds digit of 5060?
0
What is the thousands digit of 1500?
1
What is the hundreds digit of 175?
1
What is the thousands digit of 34192?
4
What is the tens digit of 1578?
7
What is the units digit of 873?
3
What is the thousands digit of 44086?
4
What is the tens digit of 1676?
7
What is the tens digit of 855?
5
What is the hundreds digit of 72774?
7
What is the units digit of 3393?
3
What is the tens digit of 36110?
1
What is the thousands digit of 4705?
4
What is the tens digit of 7947?
4
What is the units digit of 186358?
8
What is the units digit of 295?
5
What is the tens digit of 763?
6
What is the tens digit of 60?
6
What is the tens digit of 6232?
3
What is the thousands digit of 1042?
1
What is the tens digit of 1781?
8
What is the units digit of 133884?
4
What is the units digit of 3009?
9
What is the units digit of 126397?
7
What is the units digit of 1267?
7
What is the tens digit of 883?
8
What is the units digit of 1707?
7
What is the units digit of 79?
9
What is the thousands digit of 1516?
1
What is the hundreds digit of 86807?
8
What is the thousands digit of 1363?
1
What is the hundreds digit of 9812?
8
What is the hundreds digit of 11148?
1
What is the units digit of 2582?
2
What is the tens digit of 103748?
4
What is the tens digit of 13542?
4
What is the thousands digit of 5248?
5
What is the hundreds digit of 3310?
3
What is the tens digit of 11526?
2
What is the tens digit of 10054?
5
What is the thousands digit of 2886?
2
What is the ten thousands digit of 40016?
4
What is the thousands digit of 18220?
8
What is the tens digit of 3676?
7
What is the units digit of 108373?
3
What is the units digit of 4738?
8
What is the thousands digit of 53413?
3
What is the hundreds digit of 489?
4
What is the ten thousands digit of 10303?
1
What is the tens digit of 3838?
3
What is the tens digit of 129?
2
What is the tens digit of 1295?
9
What is the thousands digit of 9888?
9
What is the hundreds digit of 3901?
9
What is the thousands digit of 30221?
0
What is the hundreds digit of 8017?
0
What is the ten thousands digit of 31442?
3
What is the thousands digit of 21248?
1
What is the hundreds digit of 668?
6
What is the units digit of 23149?
9
What is the units digit of 42927?
7
What is the units digit of 17458?
8
What is the thousands digit of 2698?
2
What is the tens digit of 7801?
0
What is the thousands digit of 1897?
1
What is the thousands digit of 6244?
6
What is the units digit of 35343?
3
What is the thousands digit of 1254?
1
What is the thousands digit of 7899?
7
What is the units digit of 740?
0
What is the ten thousands digit of 21572?
2
What is the tens digit of 83437?
3
What is the tens digit of 1893?
9
What is the hundreds digit of 5555?
5
What is the hundreds digit of 35810?
8
What is the tens digit of 72086?
8
What is the units digit of 761?
1
What is the units digit of 2405?
5
What is the hundreds digit of 348?
3
What is the ten thousands digit of 69191?
6
What is the ten thousands digit of 21197?
2
What is the units digit of 36845?
5
What is the tens digit of 372?
7
What is the ten thousands digit of 24720?
2
What is the units digit of 410?
0
What is the hundreds digit of 458?
4
What is the ten thousands digit of 173671?
7
What is the hundreds digit of 102998?
9
What is the tens digit of 349?
4
What is the hundreds digit of 5484?
4
What is the tens digit of 32963?
6
What is the tens digit of 17621?
2
What is the hundreds digit of 62228?
2
What is the hundreds digit of 5630?
6
What is the units digit of 15444?
4
What is the tens digit of 452?
5
What is the tens digit of 41710?
1
What is the tens digit of 1669?
6
What is the units digit of 37428?
8
What is the units digit of 15775?
5
What is the hundreds digit of 8091?
0
What is the hundreds digit of 42032?
0
What is the thousands digit of 38845?
8
What is the hundreds digit of 1120?
1
What is the units digit of 5723?
3
What is the tens digit of 3636?
3
What is the units digit of 814?
4
What is the tens digit of 64?
6
What is the tens digit of 623?
2
What is the hundreds digit of 913?
9
What is the thousands digit of 2594?
2
What is the ten thousands digit of 21268?
2
What is the tens digit of 30904?
0
What is the thousands digit of 3112?
3
What is the units digit of 1356?
6
What is the thousands digit of 2366?
2
What is the hundreds digit of 59131?
1
What is the thousands digit of 1052?
1
What is the hundreds digit of 18059?
0
What is the tens digit of 1525?
2
What is the thousands digit of 3494?
3
What is the ten thousands digit of 189711?
8
What is the thousands digit of 1849?
1
What is the tens digit of 788?
8
What is the hundreds digit of 1478?
4
What is the thousands digit of 1519?
1
What is the tens digit of 762?
6
What is the thousands digit of 14814?
4
What is the units digit of 10773?
3
What is the thousands digit of 5232?
5
What is the units digit of 27?
7
What is the tens digit of 517?
1
What is the tens digit of 838?
3
What is the ten thousands digit of 51512?
5
What is the hundreds digit of 12397?
3
What is the hundreds digit of 141?
1
What is the units digit of 468?
8
What is the hundreds digit of 74348?
3
What is the hundreds digit of 1509?
5
What is the units digit of 14688?
8
What is the hundreds digit of 8724?
7
What is the tens digit of 2371?
7
What is the hundreds digit of 2891?
8
What is the hundreds digit of 508?
5
What is the hundreds digit of 2043?
0
What is the thousands digit of 2417?
2
What is the tens digit of 142655?
5
What is the thousands digit of 1829?
1
What is the tens digit of 176?
7
What is the hundreds digit of 2682?
6
What is the hundreds digit of 151445?
4
What is the hundreds digit of 270?
2
What is the hundreds digit of 7405?
4
What is the units digit of 3216?
6
What is the hundreds digit of 97340?
3
What is the hundreds digit of 4890?
8
What is the tens digit of 1703?
0
What is the ten thousands digit of 33513?
3
What is the thousands digit of 8660?
8
What is the units digit of 139417?
7
What is the ten thousands digit of 19883?
1
What is the thousands digit of 35771?
5
What is the units digit of 15333?
3
What is the units digit of 8734?
4
What is the thousands digit of 45345?
5
What is the ten thousands digit of 13089?
1
What is the hundreds digit of 9838?
8
What is the thousands digit of 10710?
0
What is the ten thousands digit of 96121?
9
What is the units digit of 6926?
6
What is the thousands digit of 109021?
9
What is the tens digit of 67?
6
What is the units digit of 875?
5
What is the units digit of 37946?
6
What is the units digit of 36114?
4
What is the units digit of 35363?
3
What is the tens digit of 49332?
3
What is the thousands digit of 4294?
4
What is the hundreds digit of 10573?
5
What is the tens digit of 3270?
7
What is the thousands digit of 17048?
7
What is the tens digit of 4128?
2
What is the tens digit of 7415?
1
What is the tens digit of 56556?
5
What is the thousands digit of 1032?
1
What is the ten thousands digit of 11433?
1
What is the hundred